e remainder when 97 is divided by s?
17
Let v = 20 + -10. Let n = -5 + v. Calculate the remainder when 8 is divided by n.
3
Let x = 38 - 14. What is the remainder when 45 is divided by x?
21
Let w = -3 - -11. Let b = 21 - w. Calculate the remainder when 24 is divided by b.
11
Let i(l) = -4*l - 5. Let y be (3 - 1) + (-24)/3. Calculate the remainder when i(y) is divided by 5.
4
Let u(b) = 2*b**2 - 6*b - 9. Calculate the remainder when 91 is divided by u(7).
44
Let l(m) = -m**3 - m. Let t be l(-2). Suppose u + 3*a = -u + t, -4*a = -u + 5. Let b = -2 + u. Calculate the remainder when 4 is divided by b.
1
Suppose 5*i - 201 = -11. What is the remainder when 72 is divided by i?
34
Suppose 4*m + 2*g - 27 = 5, 5*m - 46 = -g. Calculate the remainder when 25 is divided by 138/m - (-8)/(-10).
12
Let c(w) = 2*w**2 + 72*w + 9. What is the remainder when (3/(-2))/(6/(-104)) is divided by c(-36)?
8
Suppose 0 = 2*u - 3*u. Suppose 0 = 2*v - u*v + 8. What is the remainder when 7/28 + (-111)/v is divided by 10?
8
Suppose -3*c = 3*w - 42, 5*w - 5*c + 35 - 125 = 0. Suppose 3*v = -v - w, 3*k + v - 20 = 0. What is the remainder when k is divided by 2?
0
Let r(c) = 3*c + 1. Let p(n) = 13*n + 5. Let h(s) = 2*p(s) - 9*r(s). Calculate the remainder when 399/27 + (-2)/(-9) is divided by h(-7).
7
Let t(m) = -m - 2. Let f = -9 + 1. Let l be t(f). Suppose -k - 30 = -l*k. What is the remainder when k is divided by 4?
2
Suppose 3*a + 3 - 21 = 0. Let j be (a/(-4))/(2/(-8)). Suppose j = 3*c - 6. Calculate the remainder when 6 is divided by c.
2
Let n(t) = 3*t + 5. Let y be n(5). Let r = -6 + y. What is the remainder when 54 is divided by r?
12
Suppose -s + 75 = 4*s. Calculate the remainder when s is divided by 4.
3
Let o(m) = 13*m**3 + m**2 - 3*m + 1. What is the remainder when 19 is divided by o(1)?
7
Suppose -2*d + 27 = -5. What is the remainder when 43 - (8/4 - 6) is divided by d?
15
Suppose 5*j - 16 = 4*j. Let h = 64 + -18. Calculate the remainder when h is divided by j.
14
Let t(v) = v**3 + 5*v**2 + v + 9. Let o(k) = -k**2 - 5*k + 1. Calculate the remainder when o(-4) is divided by t(-5).
1
Let k(v) = v**3 - 6*v**2 + 6*v + 1. Let u be k(5). Let s(w) = -w**2 + 13*w - 13. Calculate the remainder when s(u) is divided by 16.
13
Suppose 3*o + 0*r + 2*r - 103 = 0, -r = 4. What is the remainder when o is divided by 10?
7
Let y = 0 - 2. What is the remainder when (-40)/((4 - 3) + y) is divided by (-3)/12 - 85/(-4)?
19
Suppose -2*y + 92 = 2*y. Suppose -c - 2*c = -24. What is the remainder when y is divided by c?
7
Let z be -1*(-1)/2*20. Calculate the remainder when 38 is divided by z - (-4 + (2 - 2)).
10
Suppose -4*z - 3*a - 6 = 0, z - 6 = a - 4. Suppose 99 + 92 = 3*r + g, z = 5*r + 4*g - 309. Calculate the remainder when r is divided by 17.
14
What is the remainder when (-1 + (1 - 1))/((-23)/667) is divided by 10?
9
Let y(a) = -a**2 + 8*a - 3. What is the remainder when 22 is divided by y(5)?
10
Let r = -112 - -56. Let c = 97 + r. Suppose -101 = -3*o + 5*y - 38, 3*y = 2*o - c. Calculate the remainder when 47 is divided by o.
15
Suppose 26 = 3*g - 2*h, -6*h = -3*g - h + 20. Let b(l) = l**2 + 2*l - 6. What is the remainder when b(-6) is divided by g?
8
Let i(l) = -l**2 - 12*l - 4. Let k be i(-8). Suppose 4*y - 8 = k. Calculate the remainder when y is divided by 6.
3
Let s be (-4)/18 - 992/72. Let k = s - -34. Let r(n) = n**2 - 2. What is the remainder when k is divided by r(-3)?
6
Suppose 5*s - 13*s = -40. What is the remainder when 7 is divided by s?
2
Let p = 62 - 30. Calculate the remainder when p is divided by 11.
10
Let n(t) = 2*t**2 + 17*t + 46. Calculate the remainder when n(-7) is divided by 7.
4
Suppose -2*f = -d - 95, 2*f - d + 5*d = 110. What is the remainder when f is divided by 18?
13
Let k(x) = x**3 - 15*x**2 + x - 4. Calculate the remainder when k(15) is divided by (1 + 4)*(-12)/(-15).
3
Let y = -113 + 206. What is the remainder when y is divided by 48?
45
Suppose 0 = u - 24 - 9. What is the remainder when u is divided by ((-8)/(-3))/(6/27)?
9
Suppose 2*d = 3*d - 9. Suppose -2*t = d - 29. Suppose 2*y - 5*f - 12 = 0, -3*f + 2*f - 12 = -2*y. Calculate the remainder when t is divided by y.
4
Let f(z) = 6*z**2 - 16*z. Calculate the remainder when 127 is divided by f(4).
31
Let s = 8 - -5. Calculate the remainder when s is divided by (-153)/(-21) + 4/(-14).
6
Calculate the remainder when 43/2*5/(5/2) is divided by 11.
10
Let b be (-2)/10*40/(-8). Calculate the remainder when 23 is divided by (9 + 0)*b - 1.
7
Suppose 3*o - 8 = o. Let m = 14 + -3. Calculate the remainder when m is divided by o.
3
What is the remainder when 178 is divided by 1344/52 - (-4)/26?
22
Let x = 40 + -19. Let j(r) = 8*r - 4. Let f be j(4). Suppose -4*c + 22 = -2*b - 22, -3*c + f = -4*b. What is the remainder when x is divided by c?
9
Suppose 0 = -3*b - 2*b + 10. Suppose -20 = -b*u + 2*t, -4*u + 41 = 2*t - 5*t. Calculate the remainder when 19 is divided by u.
8
Let p(j) = 8*j + 30. What is the remainder when p(7) is divided by 15?
11
Suppose 68 = -3*f - 5*v + 247, 0 = -4*v - 8. What is the remainder when f is divided by 32?
31
Let v(y) = 8 + 3 + 27*y + 0*y. Let z be v(-8). Calculate the remainder when z/(-10) + 1/(-2) is divided by 11.
9
Let a be (-140)/(-6) - (-2)/3. Suppose 0 = -2*r - c + 21, -3*r + 0*r - 4*c = -a. What is the remainder when ((-51)/(-12))/((-2)/(-16)) is divided by r?
10
Let h = -5 - 20. Let f = -15 - h. Let z = f - 0. Calculate the remainder when 28 is divided by z.
8
Let g be (51/9)/((-1)/3). Let l = 26 + g. Calculate the remainder when 34 is divided by l.
7
Let w(z) = 3*z - 9 - 8 + 21. Calculate the remainder when w(8) is divided by 10.
8
Let o be -2 + -1 + -4 - -2. Calculate the remainder when 18*(1/3 + 1) is divided by (-1)/(15/39)*o.
11
Let g = -56 + 92. What is the remainder when g is divided by -2 + 4 + 9 - 4/4?
6
Suppose -15 = -z - 2*z. What is the remainder when 17 is divided by z?
2
Calculate the remainder when (-122)/(-6) - (-1)/(-3) is divided by (154/21)/((-4)/(-6)).
9
Let p(m) = -m**3 - 6*m**2 + 11*m + 1. Suppose 5*f = -4*r + 2*f - 20, 4*f - 10 = 2*r. Let j = -3 + r. Calculate the remainder when p(j) is divided by 21.
20
Calculate the remainder when 81 is divided by 18 + (8/6)/((-8)/24).
11
Let l = -123 + 148. What is the remainder when 66 is divided by l?
16
Suppose 0*s + 80 = -5*s. Let a = s - -24. Calculate the remainder when 8/(-6)*(-84)/a is divided by 5.
4
Let l be 37 - (-2 - (2 - 3)). Let m = -23 + l. Calculate the remainder when m is divided by 8.
7
Let d be ((-26)/(-6))/(3/(-36)). Let j = d - -84. Calculate the remainder when j is divided by (-4)/14 - (-158)/14.
10
Let a = -6 + 5. Let x(y) = -22*y - 1. Calculate the remainder when x(-1) is divided by 1 - -11 - (-1)/a.
10
Let y = -13 - -15. Suppose 7 + 1 = 2*g. Calculate the remainder when g is divided by y.
0
Let a = -16 + 29. Suppose 5*i = 3*i + 14. What is the remainder when a is divided by i?
6
Suppose -p + 2*a - 4 = 0, p - a - 4 = -p. Suppose 0*t - 2*t + 48 = 4*m, 0 = -4*m + p. What is the remainder when t is divided by 2 + (11 - 3) - -2?
10
Let j = 63 + -35. Calculate the remainder when 111 is divided by j.
27
Let y(s) = -s**3 - 3*s**2 + 6*s - 5. Let u = 63 + -46. What is the remainder when y(-6) is divided by u?
16
Let x(s) = 7*s**2 - s + 1. Let a(d) = 1. Let j(y) = -a(y) + x(y). Let z be j(1). What is the remainder when 23 is divided by 3/z*-2 + 14?
10
Let r = 38 + -22. Let q = r - 1. Calculate the remainder when q is divided by 5.
0
Let s(z) = -3 - 5 - 14*z + 8*z + 1. Calculate the remainder when s(-5) is divided by 8.
7
Let l(k) be the third derivative of -3*k**2 + 0*k - 3/8*k**4 - 1/60*k**5 + 1/3*k**3 + 0. Calculate the remainder when 5 is divided by l(-9).
1
Let p(c) = -8*c + 3. Let y(d) = -d + 1. Let q(t) = -p(t) + 4*y(t). Suppose 2*x - 4*x = -10. Calculate the remainder when q(3) is divided by x.
3
Suppose 0 = -2*z, x = 3*z - 2*z + 3. Let i(d) = d - 3. Let w be i(x). What is the remainder when 40 is divided by (w - -2)*(-63)/(-6)?
19
Let q(r) = -2*r**2 - r. Let p be q(-1). Calculate the remainder when 57/9*(10 + p) is divided by 20.
17
Suppose -5*d = -4*d - 25. Calculate the remainder when 121 is divided by d.
21
What is the remainder when (-93)/124*(37/(-1) - -1) is divided by 7?
6
Let a(f) 